3 = 5*w - 2*z. Let u(s) = -s**3 - 14*s**2 + s + 71. Calculate the remainder when u(w) is divided by 94.
93
What is the remainder when 8*(-35)/840 + (2 - 5623/(-3)) is divided by 47?
43
Let a(o) = -o**3 - 14*o**2 + 32*o - 271. What is the remainder when a(-21) is divided by 113?
110
Let b(v) = 2*v**2 - 12*v + 138. What is the remainder when 5563 is divided by b(9)?
187
Let t(g) = -31*g - 2. Let q be t(4). Let j = 117 - 95. What is the remainder when (-16)/(-6)*q/(-8) is divided by j?
20
Suppose -35*y - 3 = -36*y. Suppose -4*n + 5 = 5*d, -4*d + y + 1 = 3*n. Suppose -t - t + 22 = n. Calculate the remainder when 34 is divided by t.
1
Suppose 0 = 2*w - 4*a - 24, -8 = 4*w + 4*a + 4. Suppose -13*v + 16*v + 5*f = 88, 0 = -w*v + 5*f + 67. What is the remainder when 48 is divided by v?
17
Suppose 3*j + 3059 = 3*c - c, 0 = -5*c + 4*j + 7658. Suppose 22*t - 9*t = c. What is the remainder when t is divided by 24?
22
What is the remainder when 1180 is divided by ((-438)/(-7))/(1/8*(-996)/(-581))?
12
Suppose 308*g = 305*g + 309. Suppose -3*y - 2*d - d = -6, -4*d = -4*y + 48. What is the remainder when g is divided by y?
5
Let n(h) = -256*h - 1119. Calculate the remainder when n(-5) is divided by 29.
16
Suppose -19*y + 59*y - 6720 = 0. What is the remainder when y is divided by 11?
3
Let x be 4*(-3 - (-56)/20)*-10. Let a(j) = -j**2 - 9*j - 6. What is the remainder when a(-4) is divided by x/(-6)*(7 + -10)?
2
Suppose 0 = -4*f - 0*f + 12, 0 = -5*d - 5*f + 370. Suppose -48*u = -49*u + d. Calculate the remainder when 141 is divided by u.
70
Suppose -5*q = -2*i + 578, -115*i + 2*q = -111*i - 1140. Calculate the remainder when 12495 is divided by i.
283
Let p = 38 - -25. Suppose a + 2 = 0, p = 5*q - 6*a + 7*a. What is the remainder when 48 is divided by q?
9
Let i(h) = 30*h + 1872. Calculate the remainder when i(-44) is divided by 136.
8
Let d(q) = 110*q + 6039. What is the remainder when d(-51) is divided by 11?
0
Suppose -970*t = 5*a - 968*t - 1155, -5*a = -3*t - 1180. Calculate the remainder when 8385 is divided by a.
230
Calculate the remainder when -3 + (-228)/(-39) + -3 + (-6593)/(-13) is divided by 70.
17
Let a(p) = -742*p - 1524. Calculate the remainder when a(-7) is divided by 20.
10
Let r be 0 - (-2)/((-8)/(-12)). Suppose r*l - 30 = l. Calculate the remainder when ((-8)/16)/(4/(-344)) is divided by l.
13
Let v be (4 - (-3 + (-15)/2))*-2. Let x(t) = 2*t**2 + 53*t - 46. What is the remainder when x(v) is divided by 35?
29
Let p = 97 + -83. Let z = -4 + 6. Let r = 10 - z. What is the remainder when p is divided by r?
6
Let n = 473 - 608. Let h = n - -194. What is the remainder when 171 is divided by h?
53
Let o(x) = 23*x - 83. Calculate the remainder when 1885 is divided by o(4).
4
Let u(i) = -3*i**3 - 4*i**2 - 10*i - 16. Let z be u(-2). Suppose 5*g + 7*a = z*a + 140, -5*g + a = -136. What is the remainder when 28 is divided by g?
1
Let w(a) = -2*a + 27. Let d be w(12). Suppose 0*l = -l + d. Suppose -n - 3*i = -49, -l*n + 0*n = 5*i - 139. What is the remainder when 84 is divided by n?
41
Suppose 153*z - 1287 = 702. Let b(y) = 12*y + 18. Let t be b(13). Suppose 5*s - t - 206 = 0. Calculate the remainder when s is divided by z.
11
Suppose 15*b - 47 - 133 = 0. Suppose -4*y = -y + 474. Let d = -88 - y. Calculate the remainder when d is divided by b.
10
Let l(j) = -3*j**3 - 23*j**2 + 3*j + 9. Let m be l(-7). Let i = m + 181. Calculate the remainder when i is divided by 43.
28
Let n(a) = a**3 - 61*a**2 + 118*a + 17. Calculate the remainder when 1746 is divided by n(59).
12
Let v = -18 + 39. Let w be -3 - ((-282)/30 + (-3)/5). Let i(m) = -2*m**2 + 16*m - 4. What is the remainder when v is divided by i(w)?
1
Let a(j) = -15*j + 30. Let i be a(-11). Let p = -167 + i. Suppose 5*v + r - 270 = -r, -5*r - 162 = -3*v. Calculate the remainder when v is divided by p.
26
Let t(g) = 120*g + 109. Let w be t(6). Suppose -111 - w = -10*p. What is the remainder when p is divided by 12?
10
Suppose -2*b + c + 101 = 0, 7*b - 2*b - 2*c = 254. Calculate the remainder when b is divided by (0 - -6)/3*7.
10
Let z = 148 + -94. What is the remainder when ((-1)/(-2))/((-7)/(-2289)) - (-180)/(-72) is divided by z?
53
Suppose -34*c - 40 = -29*c. Let v(a) = 20*a + 13. Let u(d) = 58*d + 40. Let h(f) = -6*u(f) + 17*v(f). What is the remainder when 178 is divided by h(c)?
43
Let i(s) = 6*s**3 + 7*s**2 - 30*s + 44. What is the remainder when i(5) is divided by 34?
3
Let u(i) = 11*i**3 - 4*i**2 + i - 5. What is the remainder when 1379 is divided by u(2)?
68
Calculate the remainder when 135 is divided by (-8 - -14) + 39 + -5.
15
Let o = 27 + -18. Let j = -24 + -30. Let n = j - -66. Calculate the remainder when n is divided by o.
3
Suppose 5*u - 455 = -85. Suppose 2*k + 5*j - 314 = 0, 0 = -19*k + 16*k - 2*j + 449. Calculate the remainder when k is divided by u.
73
Let j(l) = 28*l - 111. What is the remainder when 282 is divided by j(6)?
54
Let o(q) = -q**3 - 3*q**2 - q. Let c be o(-3). Let s(n) = -3*n + 13. Let x be s(c). Let m = 28 + x. What is the remainder when m is divided by 7?
4
Let q = -933 - -3360. Calculate the remainder when q is divided by 27.
24
Suppose m - 287 = -k, 772 + 113 = 3*k - 3*m. Calculate the remainder when k is divided by 14.
11
Let k(w) = 13*w - 2*w**2 - 6 + 15 - 8. Let m be k(7). What is the remainder when 2187/45 - m/(-10) is divided by 26?
22
Let d = -1533 - -1786. Calculate the remainder when d is divided by 15.
13
Suppose 4*d = -2*f + 404, 2*d + 2*d - 998 = -5*f. What is the remainder when f is divided by 44?
22
Let l = 13 + 2. Suppose -5*t - 4*q = l, -t - 18 = 4*q + 1. What is the remainder when 9 is divided by 63/12 - t/4?
4
Let n(g) = 2*g**3 - 10*g**2 + 10 + 2*g - 3*g + 3*g. Let y be (4/16)/(15/300). Calculate the remainder when 98 is divided by n(y).
18
Let v(o) = o**3 + 9*o**2 - 13*o - 23. Suppose 1900*l - 1893*l = 329. What is the remainder when l is divided by v(-10)?
5
Suppose 0 = -z - 5*g + 49, -2*z = -5*g + 42 - 50. What is the remainder when 1815 is divided by z?
10
Suppose 4*x = 16, 0 = 3*h - 2*h + x - 8. Suppose -4*n = 4*s - 24, -3*s - h*n + 10 + 9 = 0. Calculate the remainder when 710/s + (-5 - -4) is divided by 18.
15
Suppose 4*n + 3169 = 3*w - 886, -3*n - 1365 = -w. What is the remainder when w is divided by 84?
81
Suppose -3*y + 16*y = 282 + 5308. What is the remainder when 866 is divided by y?
6
Let t(v) = -4*v**3 + 2*v**2 - 5*v - 3. Suppose -4*h + 18*g - 13*g = -142, -3*h + 72 = 2*g. Calculate the remainder when t(-4) is divided by h.
25
What is the remainder when 0 + 44 + 1519 + (2 - 2) is divided by 42?
9
Suppose -4*k - 194 = 3*g - 402, 0 = k - 4. Calculate the remainder when 277 is divided by g.
21
Let v = -16 + 26. Let o = 92 - 89. Suppose -5*d - 4*r = -0*d - 144, -87 = -o*d - 3*r. Calculate the remainder when d is divided by v.
8
Suppose 2*m - 6964 = -5*y, 15*y - 14*y = 3*m - 10429. Calculate the remainder when m is divided by 166.
157
Let j = -15605 - -23490. Calculate the remainder when j is divided by 8.
5
Suppose -25*z + 338 = -z - 70. What is the remainder when 696 is divided by z?
16
Let a = 3 - -19. What is the remainder when a is divided by (-4 + 3 + -3)/((-124)/279)?
4
Let j be (-45)/(-9) + 5/(-2)*10. Calculate the remainder when 133 is divided by ((-300)/125)/(6/j).
5
Calculate the remainder when 12806 is divided by (7/(-14) - (-34)/20)/((-8)/(-100)).
11
Let v be 19/(-38) - 22/(-4). Let z(g) = 62*g + 9. Calculate the remainder when z(v) is divided by 20.
19
Let v = 587 - 598. What is the remainder when 50 is divided by ((-9)/2 + -3)/(v/22)?
5
Suppose 22*g - 186 = 21*g + 2*b, 0 = 3*g + 2*b - 590. Let j = g + -190. Calculate the remainder when 15 is divided by j.
3
Let v(z) = 7*z**2 + 7. Let r(f) = -f**3 + 7*f**2 - 2*f - 3. Let n be r(6). Let x = n + -12. What is the remainder when v(2) is divided by x?
8
Let u = -356 - -372. Suppose 3*s - 21*g = -u*g + 106, -39 = -s - 2*g. Calculate the remainder when 77 is divided by s.
3
Suppose 2*g - i - 25 = 0, -5*i + 1944 = 3*g + 1952. What is the remainder when 9296 is divided by g?
8
Let h = 541 - 535. Let p(b) be the first derivative of -b**4/4 + 8*b**3/3 - 3*b**2 + 8*b + 4. Calculate the remainder when p(h) is divided by 8.
4
Let t(r) = 3*r + 13. Let c be ((-2)/3)/((-3)/(-18)). Let g be c/(-1